What is the tens digit of l?
0
Let y(h) = 645*h**2 - 31*h + 74. What is the units digit of y(-6)?
0
What is the thousands digit of 6/4*(-2)/(-6)*(160806 + -130)?
0
Suppose -845*p + 861*p = 189840. What is the units digit of p?
5
Let h = 139908 + -56046. What is the units digit of h?
2
Suppose 0*w = -3*w - 2*z + 25, 3 = w - 2*z. Suppose -8*k + w*k + 822 = 0. Suppose 3*y + y - k = -5*o, 0 = 3*o + 6. What is the hundreds digit of y?
2
Suppose 383368 - 252432 = 96*w - 673928. What is the units digit of w?
4
Let l(c) = -c**3 + 8*c**2 - 5*c - 11. Let w be l(7). Let t be 632/w - (-1 + 25/15). Let i = t + -53. What is the units digit of i?
7
Let a(z) = 4 + 0 - 195*z + 644*z - 254*z. What is the units digit of a(2)?
4
Suppose 2*a - 7*a + 840 = 0. Suppose a*r - 155*r = 24739. What is the thousands digit of r?
1
Suppose -9753 - 359985 = -41*l. What is the tens digit of l?
1
Let r = 23926 - 14102. What is the hundreds digit of r?
8
Let t(i) = -i**2 - 11*i - 20. Let h = 101 - 109. Let k be t(h). Suppose 6 = 3*x, -k*s + x = -2*x - 338. What is the units digit of s?
6
What is the hundreds digit of (((-3)/12)/((-12)/744))/(6/15396)?
7
Suppose 0 = -u + 2*h + 3, -3*h + 1 = 3*u - h. Let k = 3 + -17. What is the tens digit of (-1673)/k + u/(4/2)?
2
Let n(z) = 11*z**2 - 7. Let d be n(5). Let o = 700 + -696. Suppose -30 + 10 = 4*r, o*r - d = -3*m. What is the tens digit of m?
9
Let v(s) = s**2 - 25*s + 948. What is the tens digit of v(46)?
1
Suppose 5*l = -0*n + 5*n - 360, 0 = 5*n + 2*l - 388. Suppose 2*k + 4*o - 62 = 60, 0 = -k + 3*o + n. What is the units digit of k?
7
Let z = -159076 + 249364. What is the hundreds digit of z?
2
Let j(x) = 351*x - 640. What is the units digit of j(9)?
9
Let d be (9/(-6) - -2)/(4/24). Suppose 15 - d = 3*c. Suppose 12 - 59 = -2*x - i, 4*x - 100 = c*i. What is the units digit of x?
4
Let j(n) = -2*n**2 + 2*n + 10. Let l be j(-5). Let d be (264/(-15))/(4/l). Suppose 0*s + 5*s = d. What is the tens digit of s?
4
Let m(p) = -1000*p + 203. What is the units digit of m(-6)?
3
Let f(d) = -6*d**3 + 3*d - 3. Let w be f(2). Suppose -78*k = -95*k - 986. Let c = w - k. What is the units digit of c?
3
Let b = -10307 - -19974. What is the units digit of b?
7
Let c = -126 - -129. Suppose -4*q = -c*z - 1816, 18*z - 14*z + 2271 = 5*q. What is the units digit of q?
1
Let w be (-30)/180 - (-12869)/(-6). Let o = -815 - w. What is the hundreds digit of o?
3
What is the hundreds digit of 4 - 32/16 - (-1 - 5053)?
0
Suppose -14*r - 6468 = 8*r. Let h = 624 + r. What is the hundreds digit of h?
3
What is the tens digit of ((-88410)/560)/((-2)/24)*2?
8
Let x = -754 + 1953. Suppose 3*k - 4*f = 2163, f - 4083 = -4*k - x. What is the units digit of k?
1
Let f = -126 - -481. Suppose -6 = -2*a, -u = 2*a - f + 43. What is the hundreds digit of u?
3
Let g = -17 + 13. Let v be -5*g/5 - -1. Suppose -62 = -v*q + 268. What is the units digit of q?
6
Let x(g) = 21*g - 6. Suppose -24 = -138*u + 134*u. Let b(s) = -s**2 + 6*s + 8. Let l be b(u). What is the units digit of x(l)?
2
What is the thousands digit of (2 - 3)*(-4 + -2589 - (-6 + 0))?
2
Let n be (-2)/(-2) + 9/9. Suppose n*b + 4*p = -16, 4*p = p - 12. Suppose b = -r + 166 - 60. What is the hundreds digit of r?
1
Let a(p) = 187*p**2 - 13*p + 781. What is the hundreds digit of a(14)?
2
Suppose 41*m - 76*m = -583730. What is the thousands digit of m?
6
Suppose h = l + 331, 4*l - 116 = -5*h + 1494. Let w = 964 - h. What is the hundreds digit of w?
6
Let n(b) = -19 + 12*b + 42*b - 149*b + 41*b. What is the tens digit of n(-3)?
4
What is the thousands digit of (-6)/2*(12 + 846087/(-99))?
5
Let o = 12810 + 3829. What is the thousands digit of o?
6
What is the tens digit of (((-1274872)/(-2950))/((-2)/5))/(2/(-30))?
0
Let x(a) = 5*a**2 + 2*a. Let s = 25 - 26. Let w be x(s). Suppose w*r = 218 + 16. What is the tens digit of r?
7
Let g be (3 + 1)/4 - (-22 + 1). What is the tens digit of 4268/g + (2 - -2)?
9
Suppose -3*m - 115032 = -4*o, 4*o - 9*o = 2*m - 143744. What is the tens digit of o?
5
Let j be -4 + (6/2 - -106). Suppose -j*s = -100*s - 155. Let i = s + -1. What is the tens digit of i?
3
Let c be ((-3)/(-2)*2155)/(4/8). Suppose -c = 19*m - 22805. Suppose 23*j + m = 27*j. What is the units digit of j?
5
Let z(f) = 293 + 29*f**2 - 63*f**2 - f + 40*f**2 + 2*f. What is the tens digit of z(0)?
9
Suppose 0 = -29*m + 186 - 41. What is the thousands digit of 6*((252 - m) + 8)?
1
Let p(z) = 4*z**2 + 46*z - 94. What is the hundreds digit of p(28)?
3
Let c be ((-1566)/(-36))/(6/148). Let d = 196 + c. What is the hundreds digit of d?
2
Suppose 3*d = 2*c + 10 - 3, 2*c - 14 = -4*d. Suppose q = -8*n + 3*n + 92, q = -d. What is the units digit of n?
9
Let b(p) be the second derivative of -5*p**3/3 + 21*p**2/2 + 14*p. Let s be b(-5). What is the units digit of s - (0/(-5) + 4)?
7
Let i = 0 - -1. Let m(v) = v**3 + v - 1. Let c(u) = 52*u**3 + 2*u - 2. Let w(y) = c(y) - 3*m(y). What is the tens digit of w(i)?
4
Let s(y) = -263*y + 9. Let q(g) = 527*g - 17. Let h(d) = -6*q(d) - 11*s(d). What is the tens digit of h(-2)?
4
Let g(n) = 7*n**2 + 4*n - 138. Let b be g(-16). Suppose 0 = h + b - 2516. What is the tens digit of h?
2
Let h(o) = 311*o**2 + 94*o - 4. What is the tens digit of h(-4)?
9
Suppose 11*p = 29*p - 8406. Suppose p = o - 4*k, 3750 - 1379 = 5*o - 2*k. What is the units digit of o?
5
Let c = -4822 + 12796. What is the hundreds digit of c?
9
What is the units digit of (-743524)/(-10) + (-24)/3480*-87?
3
Let r be (51/(-6))/(6 - (-2055)/(-342)). Let s = -426 + r. What is the hundreds digit of s?
5
Suppose 2222 = 2*d - 2410. Suppose -13*t + d = -2819. What is the units digit of t?
5
Let h be (-2)/((-4)/6*1). Let s = 2654 + -2624. Suppose -4*v = 5*a - 180, s = h*a - 2*a + 2*v. What is the tens digit of a?
4
Let a(u) = -u**3 + 41*u**2 - 7*u + 291. Let v be a(41). Let s(f) = 2*f**3 - 4*f**2 + 3*f - f**3 - 5 - 6. What is the units digit of s(v)?
1
Suppose 2641*h - 2636*h + 5*v - 445990 = 0, -v - 981178 = -11*h. What is the ten thousands digit of h?
8
Suppose 5*p - 122 = -2*x, -3*x - 3*p + 875 = 701. Suppose 2*g - 28 = -2*g. Suppose 1995 + x = g*c. What is the hundreds digit of c?
2
Let x(i) = i**3 - 6*i**2 + 9*i - 14. Let g be x(6). Suppose -g = -2*z + 5*v, 0 = 4*z - 5*z - 5*v + 5. Suppose z = -2*o + 7*o. What is the units digit of o?
3
Suppose -2 + 218 = 8*c. Let b = -3 + c. Suppose -2*a - b = -4*a. What is the units digit of a?
2
Suppose -45586 = -2*q + 49402. What is the thousands digit of q?
7
Let b = 16299 - -3779. What is the tens digit of b?
7
Suppose -497 = 4*g + 43. Let u = 244 + g. What is the units digit of (-1)/(-5) + u/5 + 0?
2
What is the tens digit of 178321/215 + (-6)/(-10)?
3
Suppose 232714 + 163980 = 28*u - 40022. What is the tens digit of u?
9
Let x be 7 - 5 - (3 - 1). Let s(h) = -15*h + 162. What is the units digit of s(x)?
2
Let a be 2 + 7 + -3 + 0. Suppose -97 = -a*k + 1931. What is the hundreds digit of k?
3
What is the thousands digit of 1 + 15186 - (81 - 68)?
5
Suppose 2*v - 582 = j - 0*v, 2*j + 1155 = v. Let s = j + 903. What is the units digit of s?
7
Suppose -235 = j + 44. Let u = j + 392. What is the hundreds digit of u?
1
Let v = 294 + -297. What is the units digit of ((-2)/v - 3/(-9)) + 256?
7
Let i = -62 - -71. Let t = i + -6. Suppose -5*s + 2*g = -s - 240, -t*s + 3*g + 174 = 0. What is the units digit of s?
2
Let t be (-31471)/(-44) + (-3)/12. Suppose 404 = a - 5*g, -t = -5*a - 5*g + 1455. What is the tens digit of a?
2
Suppose -3*i = -29 - 1. Let x(y) = -11*y - y**2 - 23 - y**2 + 7*y**2 - 3*y**2. What is the units digit of x(i)?
7
Let c be (2/(-6))/(42/(-16758)). Let k be (-476)/10 - 4/10. Let g = c + k. What is the units digit of g?
5
Let g be 64/4*(-3 + 2). Let w be -3 + (-4)/(-5)*1400/g. Let x = w - -104. What is the tens digit of x?
3
Let d(b) = -144*b + 6147. What is the units digit of d(-11)?
1
Suppose 0 = -8*q + 224 - 1120. What is the tens digit of q/(-98)*1162/4?
3
What is the hundreds digit of 63/6*34215/35 - 8/16?
2
Let k(f) = -2*f**3 - 22*f**2 - 7*f - 62. What is the thousands digit of k(-18)?
4
Let b(z) be the first derivative of -133*z**2/2 - 39*z + 33. What is the hundreds digit of b(-3)?
3
Let j = -31 - -34. Suppose -3*r + 394 = -5*y, -y = r - j*y - 130. Suppose 0 = -2*c + r + 18. Wh